{"id":10066,"date":"2020-02-12T10:55:11","date_gmt":"2020-02-12T08:55:11","guid":{"rendered":"http:\/\/www.kamajugimnazija.lt\/?page_id=10066"},"modified":"2026-03-06T11:17:42","modified_gmt":"2026-03-06T09:17:42","slug":"tvarkos","status":"publish","type":"page","link":"https:\/\/www.kamajugimnazija.lt\/?page_id=10066","title":{"rendered":"Tvarkos"},"content":{"rendered":"\t\t<div data-elementor-type=\"wp-page\" data-elementor-id=\"10066\" class=\"elementor elementor-10066\">\n\t\t\t\t<div class=\"elementor-element elementor-element-b406f39 e-flex e-con-boxed e-con e-parent\" data-id=\"b406f39\" data-element_type=\"container\" data-e-type=\"container\">\n\t\t\t\t\t<div class=\"e-con-inner\">\n\t\t\t\t<div class=\"elementor-element elementor-element-4f43caa elementor-widget-divider--view-line elementor-widget elementor-widget-divider\" data-id=\"4f43caa\" data-element_type=\"widget\" data-e-type=\"widget\" data-widget_type=\"divider.default\">\n\t\t\t\t<div class=\"elementor-widget-container\">\n\t\t\t\t\t\t\t<div class=\"elementor-divider\">\n\t\t\t<span class=\"elementor-divider-separator\">\n\t\t\t\t\t\t<\/span>\n\t\t<\/div>\n\t\t\t\t\t\t<\/div>\n\t\t\t\t<\/div>\n\t\t\t\t\t<\/div>\n\t\t\t\t<\/div>\n\t\t<div class=\"elementor-element elementor-element-33c23eb e-flex e-con-boxed e-con e-parent\" data-id=\"33c23eb\" data-element_type=\"container\" data-e-type=\"container\">\n\t\t\t\t\t<div class=\"e-con-inner\">\n\t\t\t\t<div class=\"elementor-element elementor-element-2f54e98 elementor-widget elementor-widget-n-accordion\" data-id=\"2f54e98\" data-element_type=\"widget\" data-e-type=\"widget\" data-settings=\"{&quot;n_accordion_animation_duration&quot;:{&quot;unit&quot;:&quot;ms&quot;,&quot;size&quot;:200,&quot;sizes&quot;:[]},&quot;default_state&quot;:&quot;all_collapsed&quot;,&quot;max_items_expended&quot;:&quot;one&quot;}\" data-widget_type=\"nested-accordion.default\">\n\t\t\t\t<div class=\"elementor-widget-container\">\n\t\t\t\t\t\t\t<div class=\"e-n-accordion\" aria-label=\"Accordion. Open links with Enter or Space, close with Escape, and navigate with Arrow Keys\">\n\t\t\t\t\t\t<details id=\"e-n-accordion-item-4960\" class=\"e-n-accordion-item\" >\n\t\t\t\t<summary class=\"e-n-accordion-item-title\" data-accordion-index=\"1\" tabindex=\"0\" aria-expanded=\"false\" aria-controls=\"e-n-accordion-item-4960\" >\n\t\t\t\t\t<span class='e-n-accordion-item-title-header'><div class=\"e-n-accordion-item-title-text\"> Gimnazijos tvark\u0105 reglamentuojantys apra\u0161ai <\/div><\/span>\n\t\t\t\t\t\t\t<span class='e-n-accordion-item-title-icon'>\n\t\t\t<span class='e-opened' ><svg aria-hidden=\"true\" class=\"e-font-icon-svg e-fas-minus\" viewBox=\"0 0 448 512\" xmlns=\"http:\/\/www.w3.org\/2000\/svg\"><path d=\"M416 208H32c-17.67 0-32 14.33-32 32v32c0 17.67 14.33 32 32 32h384c17.67 0 32-14.33 32-32v-32c0-17.67-14.33-32-32-32z\"><\/path><\/svg><\/span>\n\t\t\t<span class='e-closed'><svg aria-hidden=\"true\" class=\"e-font-icon-svg e-fas-plus\" viewBox=\"0 0 448 512\" xmlns=\"http:\/\/www.w3.org\/2000\/svg\"><path d=\"M416 208H272V64c0-17.67-14.33-32-32-32h-32c-17.67 0-32 14.33-32 32v144H32c-17.67 0-32 14.33-32 32v32c0 17.67 14.33 32 32 32h144v144c0 17.67 14.33 32 32 32h32c17.67 0 32-14.33 32-32V304h144c17.67 0 32-14.33 32-32v-32c0-17.67-14.33-32-32-32z\"><\/path><\/svg><\/span>\n\t\t<\/span>\n\n\t\t\t\t\t\t<\/summary>\n\t\t\t\t<div role=\"region\" aria-labelledby=\"e-n-accordion-item-4960\" class=\"elementor-element elementor-element-6e31e2f e-con-full e-flex e-con e-child\" data-id=\"6e31e2f\" data-element_type=\"container\" data-e-type=\"container\">\n\t\t\t\t<div class=\"elementor-element elementor-element-eb71a3a elementor-widget elementor-widget-text-editor\" data-id=\"eb71a3a\" data-element_type=\"widget\" data-e-type=\"widget\" data-widget_type=\"text-editor.default\">\n\t\t\t\t<div class=\"elementor-widget-container\">\n\t\t\t\t\t\t\t\t\t<p><a href=\"https:\/\/www.kamajugimnazija.lt\/wp-content\/uploads\/2026\/02\/FINANSU-KONTROLES-TAISYKLES-2025.pdf\"><strong><span style=\"color: #339966;\">FINANS\u0172 KONTROL\u0116S TAISYKL\u0116S<\/span><\/strong><\/a><\/p><p><a href=\"https:\/\/www.kamajugimnazija.lt\/wp-content\/uploads\/2025\/11\/SPECIALIOSIOS-PAGALBOS-TEIKIMO-TVARKOS-APRASAS.pdf\" target=\"_blank\" rel=\"noopener\"><span style=\"color: #339966;\"><strong>SPECIALIOSIOS PAGALBOS TEIKIMO TVARKOS APRA\u0160AS<\/strong><\/span><\/a><\/p><p><span style=\"color: #339966;\"><strong><a style=\"color: #339966;\" href=\"https:\/\/www.kamajugimnazija.lt\/wp-content\/uploads\/2025\/10\/IKIMOKYKLINIO-IR-PRIESMOKYKLINIO-UGDYMO-TVARKOS-APRASAS-2025-2026-m.m.pdf\" target=\"_blank\" rel=\"noopener\">IKIMOKYKLINIO IR PRIE\u0160MOKYKLINIO UGDYMO TVARKOS APRA\u0160AS 2025-2026 m.m<\/a><\/strong><\/span><\/p><p><span style=\"color: #339966;\"><strong><a style=\"color: #339966;\" href=\"https:\/\/www.kamajugimnazija.lt\/wp-content\/uploads\/2025\/10\/Mobiniuju-telefonu-naudojimosi-TA.pdf\" target=\"_blank\" rel=\"noopener\">ROKI\u0160KIO R. KAMAJ\u0172 ANTANO STRAZDO GIMNAZIJOS MOKINI\u0172 ASMENINI\u0172 MOBILI\u0172J\u0172 TELEFON\u0172 IR KIT\u0172 ASMENINI\u0172\u00a0 INFORMACINI\u0172 TECHNOLOGINI\u0172 \u012eRENGINI\u0172\u00a0\u00a0 NAUDOJIMO TVARKOS APRA\u0160AS\u00a0<\/a><\/strong><\/span><\/p><p><span style=\"color: #339966;\"><strong><a style=\"color: #339966;\" href=\"https:\/\/www.kamajugimnazija.lt\/wp-content\/uploads\/2025\/09\/IRENGTU-VAIZDO-STEBEJIMO-KAMERU-NAUDOJIMO-IR-VAIZDO-DUOMENU-TVARKYMO-TVARKOS-APRASAS.pdf\">\u012eRENGT\u0172 VAIZDO STEB\u0116JIMO KAMER\u0172 NAUDOJIMO IR VAIZDO DUOMEN\u0172 TVARKYMO TVARKOS APRA\u0160AS<\/a><\/strong><\/span><\/p><p><span style=\"color: #339966;\"><strong><a style=\"color: #339966;\" href=\"https:\/\/www.kamajugimnazija.lt\/wp-content\/uploads\/2025\/09\/STRAZDUKU-TAKAIS-programa.pdf\">IKIMOKYKLINIO UGDYMO PROGRAMA \u201eSTRAZDUK\u0172 TAKAIS\u201c<\/a><\/strong><\/span><br \/><span style=\"color: #339966;\"><strong><a style=\"color: #339966;\" href=\"https:\/\/www.kamajugimnazija.lt\/wp-content\/uploads\/2025\/09\/ASMENS-DUOMENU-TVARKYMO-ROKISKIO-R.-KAMAJU-ANTANO-STRAZDO-GIMNAZIJOJE-TAISYKLES.pdf\" target=\"_blank\" rel=\"noopener\">ASMENS DUOMEN\u0172 TVARKYMO ROKI\u0160KIO R. KAMAJ\u0172 ANTANO STRAZDO GIMNAZIJOJE TAISYKL\u0116S<\/a><br \/><\/strong><\/span><\/p><p><span style=\"color: #339966;\"><strong><a style=\"color: #339966;\" href=\"https:\/\/www.kamajugimnazija.lt\/wp-content\/uploads\/2025\/04\/IKIMOKYKLINIO-IR-PRIESMOKYKLINIO-UGDYMO-TVARKOS-APRASAS-2024-2025-M.pdf\" target=\"_blank\" rel=\"noopener\">ROKI\u0160KIO R. KAMAJ\u0172 ANTANO STRAZDO GIMNAZIJOS IKIMOKYKLINIO IR PRIE\u0160MOKYKLINIO UGDYMO 2024\u20132025 M. M. TVARKOS APRA\u0160AS<\/a> <\/strong><\/span><\/p><p><span style=\"color: #339966;\"><strong><a style=\"color: #339966;\" href=\"https:\/\/www.kamajugimnazija.lt\/wp-content\/uploads\/2024\/04\/MOKINIU-IKIMOKYKLINIO-UGDYMO-SKYRIAUS-UGDYTINIU-IR-DARBUOTOJU-MAITINIMO-ORGANIZAVIMO-TVARKOS-APRASAS2-1.pdf\" target=\"_blank\" rel=\"noopener\">IKIMOKYKLINIO UGDYMO SKYRIAUS UGDYTINI\u0172 \u00a0IR DARBUOTOJ\u0172 MAITINIMO ORGANIZAVIMO<\/a><\/strong><\/span><\/p><p><span style=\"color: #339966;\"><strong><a style=\"color: #339966;\" href=\"https:\/\/www.kamajugimnazija.lt\/wp-content\/uploads\/2024\/11\/IKIMOKYKLINIO-IR-PRIESMOKYKLINIO-UGDYMO-TVARKOS-APRASAS-2024-2025-M.docx\" target=\"_blank\" rel=\"noopener\">IKIMOKYKLINIO IR PRIE\u0160MOKYKLINIO UGDYMO TVARKOS APRA\u0160AS<\/a><\/strong><\/span><\/p><p><span style=\"color: #339966;\"><strong><a style=\"color: #339966;\" href=\"https:\/\/www.kamajugimnazija.lt\/wp-content\/uploads\/2024\/02\/VGK-Tvarkos-aprasas.pdf\">VAIKO GEROV\u0116S KOMISIJOS FUNKCIJ\u0172 <\/a><a style=\"color: #339966;\" href=\"https:\/\/www.kamajugimnazija.lt\/wp-content\/uploads\/2024\/02\/VGK-Tvarkos-aprasas.pdf\">SUDARYMO IR JOS DARBO ORGANIZAVIMO TVARKOS APRA\u0160AS<\/a><\/strong><\/span><\/p><p><span style=\"color: #339966;\"><strong><a style=\"color: #339966;\" href=\"https:\/\/www.kamajugimnazija.lt\/wp-content\/uploads\/2023\/11\/metodines-veiklos-organizavimo-ir-vykdymo-TA.pdf\">METODIN\u0116S VEIKLOS ORGANIZAVIMO \u00a0IR VYKDYMO TVARKOS APRA\u0160AS<\/a><\/strong><\/span><\/p><p><span style=\"color: #339966;\"><strong><a style=\"color: #339966;\" href=\"https:\/\/www.kamajugimnazija.lt\/wp-content\/uploads\/2023\/11\/Gaisrines-saugos-instrukcija.pdf\">GAISRIN\u0116S SAUGOS INSTRUKCIJA<\/a><\/strong><\/span><\/p><p><span style=\"color: #339966;\"><strong><a style=\"color: #339966;\" href=\"https:\/\/www.kamajugimnazija.lt\/wp-content\/uploads\/2025\/07\/Bibliotekjos-fondo-nuostatai.pdf\">GIMNAZIJOS BIBLIOTEKOS DOKUMENT\u0172 FONDO APSKAITOS TVARKOS APRA\u0160AS<\/a><\/strong><\/span><\/p><p><span style=\"color: #339966;\"><strong><a style=\"color: #339966;\" href=\"https:\/\/www.kamajugimnazija.lt\/wp-content\/uploads\/2023\/11\/PAMOKU-STEBEJIMO-IR-VERTINIMO-TVARKOS-APRASAS.pdf\">PAMOK\u0172 STEB\u0116JIMO IR VERTINIMO TVARKOS APRA\u0160AS<\/a><\/strong><\/span><\/p><p><span style=\"color: #339966;\"><strong><a style=\"color: #339966;\" href=\"https:\/\/www.kamajugimnazija.lt\/wp-content\/uploads\/2025\/07\/DARBO-APMOKEJIMO-SISTEMA-2025-04-14-1-1.pdf\" target=\"_blank\" rel=\"noopener\">DARBUOTOJ\u0172 DARBO APMOK\u0116JIMO SISTEMOS IR KASMETIN\u0116S VEIKLOS VERTINIMO TVARKOS APRA\u0160AS<\/a><\/strong><\/span><\/p><p><span style=\"color: #339966;\"><strong><a style=\"color: #339966;\" href=\"https:\/\/www.kamajugimnazija.lt\/wp-content\/uploads\/2025\/02\/TEIKIAMU-PASLAUGU-KAINU-IR-GAUNAMU-LESU-PANAUDOJIMO-TVARKOS-APRASAS-2023.pdf\" target=\"_blank\" rel=\"noopener\">TEIKIAM\u0172 PASLAUG\u0172 KAIN\u0172 IR GAUNAM\u0172 L\u0116\u0160\u0172 PANAUDOJIMO TVARKOS APRA\u0160AS<\/a><\/strong><\/span><\/p><p><span style=\"color: #339966;\"><strong><a style=\"color: #339966;\" href=\"https:\/\/www.kamajugimnazija.lt\/wp-content\/uploads\/2022\/12\/DOKUMENTU-TVARKYMO-APSKAITOS-IR-VALDYMO-TVARKOS-APRASAS.pdf\" target=\"_blank\" rel=\"noopener\">DOKUMENT\u0172 TVARKYMO, APSKAITOS IR VALDYMO TVARKOS APRA\u0160AS<\/a><\/strong><\/span><\/p><p><span style=\"color: #339966;\"><strong><a style=\"color: #339966;\" href=\"https:\/\/www.kamajugimnazija.lt\/wp-content\/uploads\/2022\/06\/Skundu-prasymu-pasiulymu-nagrinejimo-tvarkos-aprasas-BENDRAS-II-00000003.pdf\" target=\"_blank\" rel=\"noopener\">PRA\u0160YM\u0172 IR SKUND\u0172 REGISTRAVIMO, BEI J\u0172 PERDAVIMO NAGRIN\u0116TI TVARKOS APRA\u0160AS<\/a><\/strong><\/span><\/p><p><span style=\"color: #339966;\"><strong><a style=\"color: #339966;\" href=\"https:\/\/www.kamajugimnazija.lt\/wp-content\/uploads\/2022\/12\/DARBUOTOJU-PSICHOLOGINIO-SAUGUMO-UZTIKRINIMO-GIMNAZIJOS-POLITIKOS-IGYVENDINDINIMO-TVARKOS-APRASAS.pdf\" target=\"_blank\" rel=\"noopener\">DARBUOTOJ\u0172 PSICHOLOGINIO SAUGUMO U\u017dTIKRINIMO POLITIKOS \u012eGYVENDINIMO\u00a0 TVARKOS APRA\u0160AS<\/a><\/strong><\/span><\/p><p><span style=\"color: #339966;\"><strong><a style=\"color: #339966;\" href=\"https:\/\/www.kamajugimnazija.lt\/wp-content\/uploads\/2022\/12\/DARBUOTOJU-PSICHOLOGINIO-SAUGUMO-UZTIKRINIMO-ROKISKIO-R.-KAMAJU-ANTANO-STRAZDO-GIMNAZIJOJE-POLITIKA.pdf\" target=\"_blank\" rel=\"noopener\">DARBUOTOJ\u0172 PSICHOLOGINIO SAUGUMO U\u017dTIKRINIMO POLITIKA<\/a><\/strong><\/span><\/p><p><span style=\"color: #339966;\"><strong><a style=\"color: #339966;\" href=\"https:\/\/www.kamajugimnazija.lt\/wp-content\/uploads\/2022\/12\/TARNYBINIU-KOMANDIRUOCIU-TVARKOS-APRASAS.pdf\" target=\"_blank\" rel=\"noopener\">TARNYBINI\u0172 KOMANDIRUO\u010cI\u0172 TVARKOS APRA\u0160AS<\/a><\/strong><\/span><\/p><p><span style=\"color: #339966;\"><strong><a style=\"color: #339966;\" href=\"https:\/\/www.kamajugimnazija.lt\/wp-content\/uploads\/2026\/03\/ROKISKIO-R.-KAMAJU-ANTANO-STRAZDO-GIMNAZIJOS-DARBO-LAIKO-APSKAITOS-TAISYKLES.pdf\" target=\"_blank\" rel=\"noopener\">DARBO LAIKO APSKAITOS \u017dINIARA\u0160\u010cI\u0172 PILDYMO TAISYKL\u0116S<\/a><\/strong><\/span><\/p><p><span style=\"color: #339966;\"><strong><a style=\"color: #339966;\" href=\"http:\/\/www.kamajugimnazija.lt\/wp-content\/uploads\/2021\/04\/PATVIRTINTA-vidaus-kontrol\u0117s-politika.pdf\" target=\"_blank\" rel=\"noopener\">VIDAUS KONTROL\u0116S POLITIKA<\/a><\/strong><\/span><\/p><p><span style=\"color: #339966;\"><strong><a style=\"color: #339966;\" href=\"http:\/\/www.kamajugimnazija.lt\/wp-content\/uploads\/2020\/05\/IUS_-dta.pdf\" target=\"_blank\" rel=\"noopener\">IKIMOKYKLINIO UGDYMO SKYRIAUS UGDYMO ORGANIZAVIMO KARANTINO METU TVARKOS APRA\u0160AS<\/a><\/strong><\/span><\/p><p><span style=\"color: #339966;\"><strong><a style=\"color: #339966;\" href=\"http:\/\/www.kamajugimnazija.lt\/wp-content\/uploads\/2020\/04\/Nuot.mok_.tvarka.pdf\" target=\"_blank\" rel=\"noopener\">NUOTOLINIO MOKYMO ORGANIZAVIMO IR VYKDYMO TVARKOS APRA\u0160AS<\/a><\/strong><\/span><\/p><p><span style=\"color: #339966;\"><strong><a style=\"color: #339966;\" href=\"https:\/\/www.kamajugimnazija.lt\/wp-content\/uploads\/2024\/09\/20240916055643.pdf\" target=\"_blank\" rel=\"noopener\">DARBO IR VIDAUS TVARKOS TAISYKL\u0116S<\/a><\/strong><\/span><\/p><p><span style=\"color: #339966;\"><strong><a style=\"color: #339966;\" href=\"https:\/\/www.kamajugimnazija.lt\/wp-content\/uploads\/2021\/11\/TARNYBINIU-LENGVUJU-AUTOMOBILIU-ISIGIJIMO-NUOMOS-IR-NAUDOJIMO-TA.pdf\" target=\"_blank\" rel=\"noopener\">TARNYBINI\u0172 AUTOMOBILI\u0172 \u012eSIGIJIMO, NUOMOS IR NAUDOJIMO TVARKOS APRA\u0160AS<\/a><\/strong><\/span><\/p><p><span style=\"color: #339966;\"><strong><a style=\"color: #339966;\" href=\"https:\/\/www.kamajugimnazija.lt\/wp-content\/uploads\/2025\/07\/NUOTOLINIO-DARBO-TVARKOS-APRASAS-1.pdf\" target=\"_blank\" rel=\"noopener\">NUOTOLINIO DARBO TVARKOS APRA\u0160AS<\/a><\/strong><\/span><\/p><p><span style=\"color: #339966;\"><strong><a style=\"color: #339966;\" href=\"http:\/\/www.kamajugimnazija.lt\/wp-content\/uploads\/2020\/02\/KRIZI\u0172-VALDYMO-TVARKOS-APRA\u0160AS.pdf\" target=\"_blank\" rel=\"noopener\">KRIZI\u0172 VALDYMO TVARKOS APRA\u0160AS<\/a><\/strong><\/span><\/p><p><span style=\"color: #339966;\"><strong><a style=\"color: #339966;\" href=\"http:\/\/www.kamajugimnazija.lt\/wp-content\/uploads\/2020\/02\/INFORMACINI\u0172-IR-KOMUNIKACINI\u0172-TECHNOLOGIJ\u0172-NAUDOJIMO-BEI-DARBUOTOJ\u0172-STEB\u0116SENOS-IR-KONTROL\u0116S-DARBO-V.pdf\" target=\"_blank\" rel=\"noopener\">INFORMACINI\u0172 IR KOMUNIKACINI\u0172 TECHNOLOGIJ\u0172 NAUDOJIMO BEI DARBUOTOJ\u0172 STEB\u0116SENOS IR KONTROL\u0116S DARBO VIETOJE TVARKA<\/a><\/strong><\/span><\/p><p><span style=\"color: #339966;\"><strong><a style=\"color: #339966;\" href=\"http:\/\/www.kamajugimnazija.lt\/wp-content\/uploads\/2020\/02\/Autobus\u0173-naudojimo-tvarkos-apra\u0161as.pdf\" target=\"_blank\" rel=\"noopener\">MOKYKLINI\u0172 AUTOBUS\u0172 NAUDOJIMO IR VE\u017dIMO PASLAUG\u0172 TEIKIMO TVARKOS APRA\u0160AS<\/a><\/strong><\/span><\/p><p><span style=\"color: #339966;\"><strong><a style=\"color: #339966;\" href=\"https:\/\/www.kamajugimnazija.lt\/wp-content\/uploads\/2022\/12\/PAGALBOS-MOKINIO-SAVIRUPAI-PAGAL-GYDYTOJU-REKOMENDACIJAS.pdf\" target=\"_blank\" rel=\"noopener\">PAGALBOS MOKINIO SAVIR\u016aPAI PAGAL GYDYTOJ\u0172 REKOMENDACIJAS TVARKOS APRA\u0160AS<\/a><\/strong><\/span><\/p><p><span style=\"color: #339966;\"><strong><a style=\"color: #339966;\" href=\"https:\/\/www.kamajugimnazija.lt\/wp-content\/uploads\/2022\/12\/MOKINIU-APZIUROS-DEL-ASMENS-HIGIENOS.pdf\" target=\"_blank\" rel=\"noopener\">MOKINI\u0172 AP\u017dI\u016aROS D\u0116L ASMENS HIGIENOS, PEDIKULIOZ\u0116S IR NIE\u017d\u0172\u00a0TVARKOS APRA\u0160AS<\/a><\/strong><\/span><\/p><p><span style=\"color: #339966;\"><strong><a style=\"color: #339966;\" href=\"https:\/\/www.kamajugimnazija.lt\/wp-content\/uploads\/2022\/12\/DARBUOTOJU-VEIKSMU-ITARUS-MOKINI-VARTOJUS-ALKOHOLI-TABAKA.pdf\" target=\"_blank\" rel=\"noopener\">DARBUOTOJ\u0172 VEIKSM\u0172, \u012eTARUS MOKIN\u012e VARTOJUS ALKOHOL\u012e, TABAK\u0104 IR (AR) KITAS PSICHIK\u0104 VEIKIAN\u010cIAS MED\u017dIAGAS,\u00a0TVARKOS APRA\u0160AS<\/a><\/strong><\/span><\/p><p><span style=\"color: #339966;\"><strong><a style=\"color: #339966;\" href=\"https:\/\/www.kamajugimnazija.lt\/wp-content\/uploads\/2022\/12\/Darbuotoju-veiksmu-mokiniui-susirgus-ar-patyrus-fizine-trauma-gimn.pdf\" target=\"_blank\" rel=\"noopener\">DARBUOTOJ\u0172 VEIKSM\u0172 MOKINIUI SUSIRGUS AR PATYRUS FIZIN\u0118 TRAUM\u0104 GIMNAZIJOJE TVARKOS APRA\u0160AS<\/a><\/strong><\/span><\/p><p><span style=\"color: #339966;\"><strong><a style=\"color: #339966;\" href=\"https:\/\/www.kamajugimnazija.lt\/wp-content\/uploads\/2026\/02\/NEFORMALIOJO-SVIETIMO-SKYRIAUS-MOKINIU-PRIEMIMO-IR-MOKESCIO-MOKEJIMO-TVARKOS-APRASAS-1.pdf\" target=\"_blank\" rel=\"noopener\">NEFORMALIOJO \u0160VIETIMO SKYRIAUS MOKINI\u0172 PRI\u0116MIMO IR MOKES\u010cIO MOK\u0116JIMO TVARKOS APRA\u0160AS<\/a><\/strong><\/span><\/p><p><span style=\"color: #339966;\"><strong><a style=\"color: #339966;\" href=\"https:\/\/www.kamajugimnazija.lt\/wp-content\/uploads\/2024\/10\/NEFORMALIOJO-SVIETIMO-SKYRIAUS-MOKINIU-PAZANGOS-IR-PASIEKIMU-VERTINIMO-TVARKA.pdf\" target=\"_blank\" rel=\"noopener\">NEFORMALIOJO \u0160VIETIMO SKYRIAUS MOKINI\u0172 PA\u017dANGOS IR PASIEKIM\u0172 VERTINIMO TVARKA<\/a><\/strong><\/span><\/p><p><span style=\"color: #339966;\"><strong><a style=\"color: #339966;\" href=\"http:\/\/www.kamajugimnazija.lt\/wp-content\/uploads\/2020\/02\/SOCIALIN\u0116S-PILIETIN\u0116S-VEIKLOS-ORGANIZAVIMO-TVARKOS-APRA\u0160AS.pdf\" target=\"_blank\" rel=\"noopener\">SOCIALIN\u0116S-PILIETIN\u0116S VEIKLOS ORGANIZAVIMO TVARKOS APRA\u0160AS<\/a><\/strong><\/span><\/p><p><span style=\"color: #339966;\"><strong><a style=\"color: #339966;\" href=\"http:\/\/www.kamajugimnazija.lt\/wp-content\/uploads\/2020\/02\/MOKINI\u0172-PA\u017dANGOS-IR-PASIEKIM\u0172-VERTINIMO-TVARKOS-APRA\u0160AS.pdf\" target=\"_blank\" rel=\"noopener\">MOKINI\u0172 PA\u017dANGOS IR PASIEKIM\u0172 VERTINIMO TVARKOS APRA\u0160AS<\/a><\/strong><\/span><\/p><p><span style=\"color: #339966;\"><strong><a style=\"color: #339966;\" href=\"https:\/\/www.kamajugimnazija.lt\/wp-content\/uploads\/2023\/10\/LANKOMUMO-UZTIKRINIMO-TVARKOS-APRASAS.pdf\" target=\"_blank\" rel=\"noopener\">MOKINI\u0172 PAMOK\u0172 LANKOMUMO TVARKOS APRA\u0160AS<\/a><\/strong><\/span><\/p>\t\t\t\t\t\t\t\t<\/div>\n\t\t\t\t<\/div>\n\t\t\t\t<\/div>\n\t\t\t\t\t<\/details>\n\t\t\t\t\t<\/div>\n\t\t\t\t\t\t<\/div>\n\t\t\t\t<\/div>\n\t\t\t\t\t<\/div>\n\t\t\t\t<\/div>\n\t\t<div class=\"elementor-element elementor-element-fe35177 e-flex e-con-boxed e-con e-parent\" data-id=\"fe35177\" data-element_type=\"container\" data-e-type=\"container\">\n\t\t\t\t\t<div class=\"e-con-inner\">\n\t\t\t\t<div class=\"elementor-element elementor-element-c7082e0 elementor-widget-divider--view-line elementor-widget elementor-widget-divider\" data-id=\"c7082e0\" data-element_type=\"widget\" data-e-type=\"widget\" data-widget_type=\"divider.default\">\n\t\t\t\t<div class=\"elementor-widget-container\">\n\t\t\t\t\t\t\t<div class=\"elementor-divider\">\n\t\t\t<span class=\"elementor-divider-separator\">\n\t\t\t\t\t\t<\/span>\n\t\t<\/div>\n\t\t\t\t\t\t<\/div>\n\t\t\t\t<\/div>\n\t\t\t\t\t<\/div>\n\t\t\t\t<\/div>\n\t\t\t\t<\/div>\n\t\t","protected":false},"excerpt":{"rendered":"<p>Gimnazijos tvark\u0105 reglamentuojantys apra\u0161ai FINANS\u0172 KONTROL\u0116S TAISYKL\u0116S SPECIALIOSIOS PAGALBOS TEIKIMO TVARKOS APRA\u0160AS IKIMOKYKLINIO IR PRIE\u0160MOKYKLINIO UGDYMO TVARKOS APRA\u0160AS 2025-2026 m.m ROKI\u0160KIO R. KAMAJ\u0172 ANTANO STRAZDO GIMNAZIJOS MOKINI\u0172 ASMENINI\u0172 MOBILI\u0172J\u0172 TELEFON\u0172 IR KIT\u0172 ASMENINI\u0172\u00a0 INFORMACINI\u0172 TECHNOLOGINI\u0172 \u012eRENGINI\u0172\u00a0\u00a0 NAUDOJIMO TVARKOS APRA\u0160AS\u00a0 \u012eRENGT\u0172 VAIZDO STEB\u0116JIMO KAMER\u0172 NAUDOJIMO IR VAIZDO DUOMEN\u0172 TVARKYMO TVARKOS APRA\u0160AS IKIMOKYKLINIO UGDYMO PROGRAMA \u201eSTRAZDUK\u0172 TAKAIS\u201cASMENS [&hellip;]<\/p>\n","protected":false},"author":5,"featured_media":0,"parent":0,"menu_order":0,"comment_status":"closed","ping_status":"closed","template":"","meta":{"site-sidebar-layout":"default","site-content-layout":"","ast-site-content-layout":"default","site-content-style":"default","site-sidebar-style":"default","ast-global-header-display":"","ast-banner-title-visibility":"","ast-main-header-display":"","ast-hfb-above-header-display":"","ast-hfb-below-header-display":"","ast-hfb-mobile-header-display":"","site-post-title":"","ast-breadcrumbs-content":"","ast-featured-img":"","footer-sml-layout":"","ast-disable-related-posts":"","theme-transparent-header-meta":"default","adv-header-id-meta":"","stick-header-meta":"","header-above-stick-meta":"","header-main-stick-meta":"","header-below-stick-meta":"","astra-migrate-meta-layouts":"set","ast-page-background-enabled":"default","ast-page-background-meta":{"desktop":{"background-color":"var(--ast-global-color-4)","background-image":"","background-repeat":"repeat","background-position":"center center","background-size":"auto","background-attachment":"scroll","background-type":"","background-media":"","overlay-type":"","overlay-color":"","overlay-opacity":"","overlay-gradient":""},"tablet":{"background-color":"","background-image":"","background-repeat":"repeat","background-position":"center center","background-size":"auto","background-attachment":"scroll","background-type":"","background-media":"","overlay-type":"","overlay-color":"","overlay-opacity":"","overlay-gradient":""},"mobile":{"background-color":"","background-image":"","background-repeat":"repeat","background-position":"center center","background-size":"auto","background-attachment":"scroll","background-type":"","background-media":"","overlay-type":"","overlay-color":"","overlay-opacity":"","overlay-gradient":""}},"ast-content-background-meta":{"desktop":{"background-color":"var(--ast-global-color-5)","background-image":"","background-repeat":"repeat","background-position":"center center","background-size":"auto","background-attachment":"scroll","background-type":"","background-media":"","overlay-type":"","overlay-color":"","overlay-opacity":"","overlay-gradient":""},"tablet":{"background-color":"var(--ast-global-color-5)","background-image":"","background-repeat":"repeat","background-position":"center center","background-size":"auto","background-attachment":"scroll","background-type":"","background-media":"","overlay-type":"","overlay-color":"","overlay-opacity":"","overlay-gradient":""},"mobile":{"background-color":"var(--ast-global-color-5)","background-image":"","background-repeat":"repeat","background-position":"center center","background-size":"auto","background-attachment":"scroll","background-type":"","background-media":"","overlay-type":"","overlay-color":"","overlay-opacity":"","overlay-gradient":""}},"ngg_post_thumbnail":0,"_themeisle_gutenberg_block_has_review":false,"footnotes":""},"class_list":["post-10066","page","type-page","status-publish","hentry"],"_links":{"self":[{"href":"https:\/\/www.kamajugimnazija.lt\/index.php?rest_route=\/wp\/v2\/pages\/10066","targetHints":{"allow":["GET"]}}],"collection":[{"href":"https:\/\/www.kamajugimnazija.lt\/index.php?rest_route=\/wp\/v2\/pages"}],"about":[{"href":"https:\/\/www.kamajugimnazija.lt\/index.php?rest_route=\/wp\/v2\/types\/page"}],"author":[{"embeddable":true,"href":"https:\/\/www.kamajugimnazija.lt\/index.php?rest_route=\/wp\/v2\/users\/5"}],"replies":[{"embeddable":true,"href":"https:\/\/www.kamajugimnazija.lt\/index.php?rest_route=%2Fwp%2Fv2%2Fcomments&post=10066"}],"version-history":[{"count":12,"href":"https:\/\/www.kamajugimnazija.lt\/index.php?rest_route=\/wp\/v2\/pages\/10066\/revisions"}],"predecessor-version":[{"id":25845,"href":"https:\/\/www.kamajugimnazija.lt\/index.php?rest_route=\/wp\/v2\/pages\/10066\/revisions\/25845"}],"wp:attachment":[{"href":"https:\/\/www.kamajugimnazija.lt\/index.php?rest_route=%2Fwp%2Fv2%2Fmedia&parent=10066"}],"curies":[{"name":"wp","href":"https:\/\/api.w.org\/{rel}","templated":true}]}}