{"id":13286,"date":"2021-10-18T14:16:13","date_gmt":"2021-10-18T12:16:13","guid":{"rendered":"http:\/\/www.kamajugimnazija.lt\/?page_id=13286"},"modified":"2025-11-04T11:34:47","modified_gmt":"2025-11-04T09:34:47","slug":"boruzeliu-grupe","status":"publish","type":"page","link":"https:\/\/www.kamajugimnazija.lt\/?page_id=13286","title":{"rendered":"Boru\u017e\u0117li\u0173 grup\u0117"},"content":{"rendered":"<p style=\"text-align: center;\">&nbsp;<\/p>\n<p><a href=\"https:\/\/www.kamajugimnazija.lt\/wp-content\/uploads\/2025\/10\/BORUZELIU-grupe-scaled.png\" target=\"_blank\" rel=\"noopener\"><img fetchpriority=\"high\" decoding=\"async\" class=\"alignnone wp-image-24620 size-full\" src=\"https:\/\/www.kamajugimnazija.lt\/wp-content\/uploads\/2025\/10\/BORUZELIU-grupe-scaled.png\" alt=\"\" width=\"1810\" height=\"2560\" srcset=\"https:\/\/www.kamajugimnazija.lt\/wp-content\/uploads\/2025\/10\/BORUZELIU-grupe-scaled.png 1810w, https:\/\/www.kamajugimnazija.lt\/wp-content\/uploads\/2025\/10\/BORUZELIU-grupe-212x300.png 212w, https:\/\/www.kamajugimnazija.lt\/wp-content\/uploads\/2025\/10\/BORUZELIU-grupe-724x1024.png 724w, https:\/\/www.kamajugimnazija.lt\/wp-content\/uploads\/2025\/10\/BORUZELIU-grupe-768x1086.png 768w, https:\/\/www.kamajugimnazija.lt\/wp-content\/uploads\/2025\/10\/BORUZELIU-grupe-1086x1536.png 1086w, https:\/\/www.kamajugimnazija.lt\/wp-content\/uploads\/2025\/10\/BORUZELIU-grupe-1448x2048.png 1448w, https:\/\/www.kamajugimnazija.lt\/wp-content\/uploads\/2025\/10\/BORUZELIU-grupe-8x12.png 8w\" sizes=\"(max-width: 1810px) 100vw, 1810px\" \/><\/a><\/p>\n<h2><strong>,,Rudens karieta&#8221;<\/strong><\/h2>\nngg_shortcode_0_placeholder\n<h2>,,Rugs\u0117jo draugyst\u0117s traukinukas<strong>\u201c<br \/>\n<\/strong><\/h2>\nngg_shortcode_1_placeholder\n<h2><strong>&nbsp;<\/strong><\/h2>\n<h2>Pavasar\u012f pasitikome rungtyniaudami<\/h2>\nngg_shortcode_2_placeholder\n<p>&nbsp;<\/p>\n<h2 class=\"art-postheader\">Eglut\u0117s \u012f\u017eiebimas<\/h2>\nngg_shortcode_3_placeholder\n<p>&nbsp;<\/p>\n<h2 class=\"art-postheader\"><strong>\u201eBoru\u017e\u0117li\u0173\u201c linksmadieniai<\/strong><\/h2>\nngg_shortcode_4_placeholder\n<p>&nbsp;<\/p>\n<p>&nbsp;<\/p>\n<h2 class=\"art-postheader\"><strong><span class=\"art-postheadericon\">&#8222;Gedimino pily trispalv\u0119 i\u0161kelsim!&#8221;<\/span><\/strong><\/h2>\nngg_shortcode_5_placeholder\n<p>&nbsp;<\/p>\n<p>&nbsp;<\/p>\n<h2 class=\"art-postheader\"><strong><span class=\"art-postheadericon\">Tolerancijos miestas<br \/>\n<\/span><\/strong><\/h2>\nngg_shortcode_6_placeholder\n<h2 class=\"art-postheader\"><strong><span class=\"art-postheadericon\">Rytmetis &#8222;Ruduo mi\u0161ke&#8221;<br \/>\n<\/span><\/strong><\/h2>\nngg_shortcode_7_placeholder\n","protected":false},"excerpt":{"rendered":"<p>&nbsp; ,,Rudens karieta&#8221; &nbsp; ,,Rugs\u0117jo draugyst\u0117s traukinukas\u201c &nbsp; Pavasar\u012f pasitikome rungtyniaudami &nbsp; &nbsp; Eglut\u0117s \u012f\u017eiebimas &nbsp; &nbsp; \u201eBoru\u017e\u0117li\u0173\u201c linksmadieniai &nbsp; &nbsp; &nbsp; &#8222;Gedimino pily trispalv\u0119 i\u0161kelsim!&#8221; &nbsp; &nbsp; &nbsp; Tolerancijos miestas &nbsp; Rytmetis &#8222;Ruduo mi\u0161ke&#8221;<\/p>\n","protected":false},"author":5,"featured_media":0,"parent":0,"menu_order":0,"comment_status":"closed","ping_status":"closed","template":"","meta":{"site-sidebar-layout":"default","site-content-layout":"","ast-site-content-layout":"default","site-content-style":"default","site-sidebar-style":"default","ast-global-header-display":"","ast-banner-title-visibility":"","ast-main-header-display":"","ast-hfb-above-header-display":"","ast-hfb-below-header-display":"","ast-hfb-mobile-header-display":"","site-post-title":"","ast-breadcrumbs-content":"","ast-featured-img":"","footer-sml-layout":"","ast-disable-related-posts":"","theme-transparent-header-meta":"default","adv-header-id-meta":"","stick-header-meta":"","header-above-stick-meta":"","header-main-stick-meta":"","header-below-stick-meta":"","astra-migrate-meta-layouts":"set","ast-page-background-enabled":"default","ast-page-background-meta":{"desktop":{"background-color":"var(--ast-global-color-4)","background-image":"","background-repeat":"repeat","background-position":"center center","background-size":"auto","background-attachment":"scroll","background-type":"","background-media":"","overlay-type":"","overlay-color":"","overlay-opacity":"","overlay-gradient":""},"tablet":{"background-color":"","background-image":"","background-repeat":"repeat","background-position":"center center","background-size":"auto","background-attachment":"scroll","background-type":"","background-media":"","overlay-type":"","overlay-color":"","overlay-opacity":"","overlay-gradient":""},"mobile":{"background-color":"","background-image":"","background-repeat":"repeat","background-position":"center center","background-size":"auto","background-attachment":"scroll","background-type":"","background-media":"","overlay-type":"","overlay-color":"","overlay-opacity":"","overlay-gradient":""}},"ast-content-background-meta":{"desktop":{"background-color":"var(--ast-global-color-5)","background-image":"","background-repeat":"repeat","background-position":"center center","background-size":"auto","background-attachment":"scroll","background-type":"","background-media":"","overlay-type":"","overlay-color":"","overlay-opacity":"","overlay-gradient":""},"tablet":{"background-color":"var(--ast-global-color-5)","background-image":"","background-repeat":"repeat","background-position":"center center","background-size":"auto","background-attachment":"scroll","background-type":"","background-media":"","overlay-type":"","overlay-color":"","overlay-opacity":"","overlay-gradient":""},"mobile":{"background-color":"var(--ast-global-color-5)","background-image":"","background-repeat":"repeat","background-position":"center center","background-size":"auto","background-attachment":"scroll","background-type":"","background-media":"","overlay-type":"","overlay-color":"","overlay-opacity":"","overlay-gradient":""}},"ngg_post_thumbnail":0,"_themeisle_gutenberg_block_has_review":false,"footnotes":""},"class_list":["post-13286","page","type-page","status-publish","hentry"],"_links":{"self":[{"href":"https:\/\/www.kamajugimnazija.lt\/index.php?rest_route=\/wp\/v2\/pages\/13286","targetHints":{"allow":["GET"]}}],"collection":[{"href":"https:\/\/www.kamajugimnazija.lt\/index.php?rest_route=\/wp\/v2\/pages"}],"about":[{"href":"https:\/\/www.kamajugimnazija.lt\/index.php?rest_route=\/wp\/v2\/types\/page"}],"author":[{"embeddable":true,"href":"https:\/\/www.kamajugimnazija.lt\/index.php?rest_route=\/wp\/v2\/users\/5"}],"replies":[{"embeddable":true,"href":"https:\/\/www.kamajugimnazija.lt\/index.php?rest_route=%2Fwp%2Fv2%2Fcomments&post=13286"}],"version-history":[{"count":0,"href":"https:\/\/www.kamajugimnazija.lt\/index.php?rest_route=\/wp\/v2\/pages\/13286\/revisions"}],"wp:attachment":[{"href":"https:\/\/www.kamajugimnazija.lt\/index.php?rest_route=%2Fwp%2Fv2%2Fmedia&parent=13286"}],"curies":[{"name":"wp","href":"https:\/\/api.w.org\/{rel}","templated":true}]}}