{"id":1546,"date":"2013-10-21T10:03:54","date_gmt":"2013-10-21T10:03:54","guid":{"rendered":"http:\/\/www.kamajugimnazija.lt\/?page_id=1546"},"modified":"2025-12-28T19:27:30","modified_gmt":"2025-12-28T17:27:30","slug":"mokyklos-laikrastis","status":"publish","type":"page","link":"https:\/\/www.kamajugimnazija.lt\/?page_id=1546","title":{"rendered":"Mokyklos laikra\u0161tis"},"content":{"rendered":"\t\t<div data-elementor-type=\"wp-page\" data-elementor-id=\"1546\" class=\"elementor elementor-1546\">\n\t\t\t\t<div class=\"elementor-element elementor-element-bbc2d44 e-flex e-con-boxed e-con e-parent\" data-id=\"bbc2d44\" data-element_type=\"container\" data-e-type=\"container\">\n\t\t\t\t\t<div class=\"e-con-inner\">\n\t\t\t\t<div class=\"elementor-element elementor-element-db19b32 elementor-widget-divider--view-line elementor-widget elementor-widget-divider\" data-id=\"db19b32\" data-element_type=\"widget\" data-e-type=\"widget\" data-widget_type=\"divider.default\">\n\t\t\t\t<div class=\"elementor-widget-container\">\n\t\t\t\t\t\t\t<div class=\"elementor-divider\">\n\t\t\t<span class=\"elementor-divider-separator\">\n\t\t\t\t\t\t<\/span>\n\t\t<\/div>\n\t\t\t\t\t\t<\/div>\n\t\t\t\t<\/div>\n\t\t\t\t\t<\/div>\n\t\t\t\t<\/div>\n\t\t<div class=\"elementor-element elementor-element-54a55643 e-flex e-con-boxed e-con e-parent\" data-id=\"54a55643\" data-element_type=\"container\" data-e-type=\"container\">\n\t\t\t\t\t<div class=\"e-con-inner\">\n\t\t\t\t<div class=\"elementor-element elementor-element-6b86bad5 elementor-widget elementor-widget-text-editor\" data-id=\"6b86bad5\" data-element_type=\"widget\" data-e-type=\"widget\" data-widget_type=\"text-editor.default\">\n\t\t\t\t<div class=\"elementor-widget-container\">\n\t\t\t\t\t\t\t\t\t<h3><span style=\"color: #000000;\"><a style=\"color: #000000;\" href=\"https:\/\/www.kamajugimnazija.lt\/wp-content\/uploads\/2025\/12\/Skambutis-Pataisytas.pdf\"><strong>2025 Gruodis<\/strong><\/a><br \/><\/span><br \/><span style=\"color: #000000;\"><a style=\"color: #000000;\" href=\"https:\/\/www.kamajugimnazija.lt\/wp-content\/uploads\/2025\/05\/2025-kovas.pdf\" target=\"_blank\" rel=\"noopener\"><strong>2025 Kovas<\/strong><\/a><br \/><\/span><\/h3><h3><span style=\"color: #000000;\"><strong><a style=\"color: #000000;\" href=\"https:\/\/www.kamajugimnazija.lt\/wp-content\/uploads\/2024\/12\/2024-gruodis-2_compressed.pdf\" target=\"_blank\" rel=\"noopener\">2024 Gruodis<\/a><br \/><\/strong><\/span><\/h3><h3><a style=\"color: #000000;\" href=\"https:\/\/www.kamajugimnazija.lt\/wp-content\/uploads\/2024\/06\/Geguze-Geras.pdf\" target=\"_blank\" rel=\"noopener\"><strong>2024 Bir\u017eelis<\/strong><\/a><\/h3><h3><span style=\"color: #000000;\"><strong><a style=\"color: #000000;\" href=\"https:\/\/www.kamajugimnazija.lt\/wp-content\/uploads\/2023\/12\/2023-12-laikr-1.pdf\">2023 Gruodis<\/a><br \/><\/strong><\/span><\/h3><h3><span style=\"color: #000000;\"><strong><a style=\"color: #000000;\" href=\"https:\/\/www.kamajugimnazija.lt\/wp-content\/uploads\/2023\/03\/2023-03-laikrastis.pdf\" target=\"_blank\" rel=\"noopener\">2023 Kovas<\/a> &#8211; <span style=\"color: #339966;\">priedas<a style=\"color: #339966;\" href=\"https:\/\/www.kamajugimnazija.lt\/wp-content\/uploads\/2023\/09\/Strazd-3.pdf\" target=\"_blank\" rel=\"noopener\"> Lankstinukas<\/a><br \/><\/span><\/strong><\/span><\/h3><h3><span style=\"color: #000000;\"><strong><a style=\"color: #000000;\" href=\"https:\/\/www.kamajugimnazija.lt\/wp-content\/uploads\/2022\/12\/Laikrastis-galut.-2022-gruodis.pdf\" target=\"_blank\" rel=\"noopener\">2022 Gruodis<\/a><br \/><\/strong><\/span><\/h3><h3><span style=\"color: #000000;\"><strong><a style=\"color: #000000;\" href=\"https:\/\/www.kamajugimnazija.lt\/wp-content\/uploads\/2022\/10\/Stendas-Mokytojo-dienai.pdf\" target=\"_blank\" rel=\"noopener\">2022 Spalis<\/a><br \/><\/strong><\/span><\/h3><h3><span style=\"color: #000000;\"><strong><a style=\"color: #000000;\" href=\"https:\/\/www.kamajugimnazija.lt\/wp-content\/uploads\/2022\/06\/Laikrastis-2022-birzelis.pdf\" target=\"_blank\" rel=\"noopener\">2022 Bir\u017eelis<\/a><br \/><\/strong><\/span><\/h3><h3><span style=\"color: #000000;\"><strong><a style=\"color: #000000;\" href=\"https:\/\/www.kamajugimnazija.lt\/wp-content\/uploads\/2022\/03\/Skambutis-2022-03.pdf\" target=\"_blank\" rel=\"noopener\">2022 Kovas<\/a><br \/><\/strong><\/span><\/h3><h3><span style=\"color: #000000;\"><strong><a style=\"color: #000000;\" href=\"https:\/\/www.kamajugimnazija.lt\/wp-content\/uploads\/2021\/12\/\u201eA3-kopija_-1.pdf\" target=\"_blank\" rel=\"noopener\">2021 Gruodis<\/a><br \/><\/strong><\/span><\/h3><h3><span style=\"color: #000000;\"><strong><a style=\"color: #000000;\" href=\"https:\/\/www.kamajugimnazija.lt\/wp-content\/uploads\/2021\/12\/Skambutis-2021-a.pdf\" target=\"_blank\" rel=\"noopener\">2021 Spalis<\/a><br \/><\/strong><\/span><\/h3><h3><span style=\"color: #000000;\"><strong><a style=\"color: #000000;\" href=\"http:\/\/www.kamajugimnazija.lt\/wp-content\/uploads\/2020\/12\/Skambutis-2020-gruodis-\u012era\u0161yta-automati\u0161kai.pdf\" target=\"_blank\" rel=\"noopener\">2020 Gruodis<\/a><br \/><\/strong><\/span><\/h3><h3><span style=\"color: #000000;\"><strong><a style=\"color: #000000;\" href=\"http:\/\/www.kamajugimnazija.lt\/wp-content\/uploads\/2020\/06\/Skamb-2020-bir\u017e.pdf\" target=\"_blank\" rel=\"noopener\">2020 Bir\u017eelis<\/a><br \/><\/strong><\/span><\/h3><h3><span style=\"color: #000000;\"><strong><a style=\"color: #000000;\" href=\"http:\/\/www.kamajugimnazija.lt\/wp-content\/uploads\/2020\/01\/SKAMB-2019-lapkr.pdf\" target=\"_blank\" rel=\"noopener\">2019 Lapkritis<\/a><br \/><\/strong><\/span><\/h3><h3><span style=\"color: #000000;\"><strong><a style=\"color: #000000;\" href=\"http:\/\/www.kamajugimnazija.lt\/wp-content\/uploads\/2019\/06\/2019-kovas-SK.pdf\" target=\"_blank\" rel=\"noopener\">2019 Kovas<\/a><br \/><\/strong><\/span><\/h3><h3><span style=\"color: #000000;\"><strong><a style=\"color: #000000;\" href=\"http:\/\/www.kamajugimnazija.lt\/wp-content\/uploads\/2019\/02\/Laikra\u0161tis_2018_lapkritis.pdf\" target=\"_blank\" rel=\"noopener\">2018 Lapkritis<\/a><br \/><\/strong><\/span><\/h3><h3><span style=\"color: #000000;\"><strong><a style=\"color: #000000;\" href=\"http:\/\/www.kamajugimnazija.lt\/wp-content\/uploads\/2018\/11\/Skambutis-2018-spalis.pdf\" target=\"_blank\" rel=\"noopener\">2018 Spalis<\/a><br \/><\/strong><\/span><\/h3><h3><span style=\"color: #000000;\"><strong><a style=\"color: #000000;\" href=\"http:\/\/www.kamajugimnazija.lt\/wp-content\/uploads\/2018\/10\/2018kovas.pdf\" target=\"_blank\" rel=\"noopener\">2018 Kovas<\/a><br \/><\/strong><\/span><\/h3><h3><span style=\"color: #000000;\"><strong><a style=\"color: #000000;\" href=\"http:\/\/www.kamajugimnazija.lt\/wp-content\/uploads\/2013\/10\/Informacinis-leidinys-2017-09-01.pdf\" target=\"_blank\" rel=\"noopener\">2017 Rugs\u0117jis<\/a><br \/><\/strong><\/span><\/h3><h3><span style=\"color: #000000;\"><strong><a style=\"color: #000000;\" href=\"http:\/\/www.kamajugimnazija.lt\/wp-content\/uploads\/2018\/02\/Skambutis_2017_lapkritis_gruodis.pdf\" target=\"_blank\" rel=\"noopener\">2017 Lapkritis\u00a0<\/a><br \/><\/strong><\/span><\/h3><h3><span style=\"color: #000000;\"><strong><a style=\"color: #000000;\" href=\"http:\/\/www.kamajugimnazija.lt\/wp-content\/uploads\/2017\/01\/Skambutis_2016_Lapkritis.pdf\" target=\"_blank\" rel=\"noopener\">2o16 Lapkritis<\/a><\/strong><\/span><\/h3><h3><span style=\"color: #000000;\"><strong><a style=\"color: #000000;\" href=\"http:\/\/www.kamajugimnazija.lt\/wp-content\/uploads\/2017\/01\/Skambutis_2015_rugs\u0117jis.pdf\" target=\"_blank\" rel=\"noopener\">2015 Rugs\u0117jis<\/a><\/strong><\/span><\/h3>\t\t\t\t\t\t\t\t<\/div>\n\t\t\t\t<\/div>\n\t\t\t\t\t<\/div>\n\t\t\t\t<\/div>\n\t\t<div class=\"elementor-element elementor-element-a15eb9e e-flex e-con-boxed e-con e-parent\" data-id=\"a15eb9e\" data-element_type=\"container\" data-e-type=\"container\">\n\t\t\t\t\t<div class=\"e-con-inner\">\n\t\t\t\t<div class=\"elementor-element elementor-element-f5a1b66 elementor-widget-divider--view-line elementor-widget elementor-widget-divider\" data-id=\"f5a1b66\" data-element_type=\"widget\" data-e-type=\"widget\" data-widget_type=\"divider.default\">\n\t\t\t\t<div class=\"elementor-widget-container\">\n\t\t\t\t\t\t\t<div class=\"elementor-divider\">\n\t\t\t<span class=\"elementor-divider-separator\">\n\t\t\t\t\t\t<\/span>\n\t\t<\/div>\n\t\t\t\t\t\t<\/div>\n\t\t\t\t<\/div>\n\t\t\t\t\t<\/div>\n\t\t\t\t<\/div>\n\t\t\t\t<\/div>\n\t\t","protected":false},"excerpt":{"rendered":"<p>2025 Gruodis 2025 Kovas 2024 Gruodis 2024 Bir\u017eelis 2023 Gruodis 2023 Kovas &#8211; priedas Lankstinukas 2022 Gruodis 2022 Spalis 2022 Bir\u017eelis 2022 Kovas 2021 Gruodis 2021 Spalis 2020 Gruodis 2020 Bir\u017eelis 2019 Lapkritis 2019 Kovas 2018 Lapkritis 2018 Spalis 2018 Kovas 2017 Rugs\u0117jis 2017 Lapkritis\u00a0 2o16 Lapkritis 2015 Rugs\u0117jis<\/p>\n","protected":false},"author":5,"featured_media":0,"parent":0,"menu_order":0,"comment_status":"closed","ping_status":"open","template":"","meta":{"site-sidebar-layout":"default","site-content-layout":"","ast-site-content-layout":"default","site-content-style":"default","site-sidebar-style":"default","ast-global-header-display":"","ast-banner-title-visibility":"","ast-main-header-display":"","ast-hfb-above-header-display":"","ast-hfb-below-header-display":"","ast-hfb-mobile-header-display":"","site-post-title":"","ast-breadcrumbs-content":"","ast-featured-img":"","footer-sml-layout":"","ast-disable-related-posts":"","theme-transparent-header-meta":"","adv-header-id-meta":"","stick-header-meta":"","header-above-stick-meta":"","header-main-stick-meta":"","header-below-stick-meta":"","astra-migrate-meta-layouts":"default","ast-page-background-enabled":"default","ast-page-background-meta":{"desktop":{"background-color":"var(--ast-global-color-4)","background-image":"","background-repeat":"repeat","background-position":"center center","background-size":"auto","background-attachment":"scroll","background-type":"","background-media":"","overlay-type":"","overlay-color":"","overlay-opacity":"","overlay-gradient":""},"tablet":{"background-color":"","background-image":"","background-repeat":"repeat","background-position":"center center","background-size":"auto","background-attachment":"scroll","background-type":"","background-media":"","overlay-type":"","overlay-color":"","overlay-opacity":"","overlay-gradient":""},"mobile":{"background-color":"","background-image":"","background-repeat":"repeat","background-position":"center center","background-size":"auto","background-attachment":"scroll","background-type":"","background-media":"","overlay-type":"","overlay-color":"","overlay-opacity":"","overlay-gradient":""}},"ast-content-background-meta":{"desktop":{"background-color":"var(--ast-global-color-5)","background-image":"","background-repeat":"repeat","background-position":"center center","background-size":"auto","background-attachment":"scroll","background-type":"","background-media":"","overlay-type":"","overlay-color":"","overlay-opacity":"","overlay-gradient":""},"tablet":{"background-color":"var(--ast-global-color-5)","background-image":"","background-repeat":"repeat","background-position":"center center","background-size":"auto","background-attachment":"scroll","background-type":"","background-media":"","overlay-type":"","overlay-color":"","overlay-opacity":"","overlay-gradient":""},"mobile":{"background-color":"var(--ast-global-color-5)","background-image":"","background-repeat":"repeat","background-position":"center center","background-size":"auto","background-attachment":"scroll","background-type":"","background-media":"","overlay-type":"","overlay-color":"","overlay-opacity":"","overlay-gradient":""}},"ngg_post_thumbnail":0,"_themeisle_gutenberg_block_has_review":false,"footnotes":""},"class_list":["post-1546","page","type-page","status-publish","hentry"],"_links":{"self":[{"href":"https:\/\/www.kamajugimnazija.lt\/index.php?rest_route=\/wp\/v2\/pages\/1546","targetHints":{"allow":["GET"]}}],"collection":[{"href":"https:\/\/www.kamajugimnazija.lt\/index.php?rest_route=\/wp\/v2\/pages"}],"about":[{"href":"https:\/\/www.kamajugimnazija.lt\/index.php?rest_route=\/wp\/v2\/types\/page"}],"author":[{"embeddable":true,"href":"https:\/\/www.kamajugimnazija.lt\/index.php?rest_route=\/wp\/v2\/users\/5"}],"replies":[{"embeddable":true,"href":"https:\/\/www.kamajugimnazija.lt\/index.php?rest_route=%2Fwp%2Fv2%2Fcomments&post=1546"}],"version-history":[{"count":0,"href":"https:\/\/www.kamajugimnazija.lt\/index.php?rest_route=\/wp\/v2\/pages\/1546\/revisions"}],"wp:attachment":[{"href":"https:\/\/www.kamajugimnazija.lt\/index.php?rest_route=%2Fwp%2Fv2%2Fmedia&parent=1546"}],"curies":[{"name":"wp","href":"https:\/\/api.w.org\/{rel}","templated":true}]}}