{"id":1843,"date":"2013-11-13T07:05:51","date_gmt":"2013-11-13T07:05:51","guid":{"rendered":"http:\/\/www.kamajugimnazija.lt\/?page_id=1843"},"modified":"2023-10-19T11:09:25","modified_gmt":"2023-10-19T09:09:25","slug":"psichologas","status":"publish","type":"page","link":"https:\/\/www.kamajugimnazija.lt\/psichologas\/","title":{"rendered":"Visuomen\u0117s sveikatos prie\u017ei\u016bros specialistas"},"content":{"rendered":"<p><strong>Visuomen\u0117s sveikatos prie\u017ei\u016bros specialist\u0117 Asta Sapagovien\u0117<br \/>\n<\/strong><\/p>\n<p>Gim. 1995-07-18, Roki\u0161kis<\/p>\n<p>I\u0161silavinimas:<\/p>\n<p>2018 m. Lietuvos sporto universitetas, sveikatos moksl\u0173 bakalauro kvalifikacinis laipsnis.<\/p>\n<p>2021 m. Klaip\u0117dos Universitetas, visuomen\u0117s sveikatos ugdymo magistro kvalifikacinis laipsnis.<\/p>\n<p>El. pa\u0161tas: <span style=\"color: #000080;\">asta.tumonyte@gmail.com<\/span><\/p>\n<p>Mob.tel.: 8 623 62946<\/p>\n<p>&nbsp;<\/p>\n<p><strong>Visuomen\u0117s sveikatos prie\u017ei\u016bros specialist\u0117s darbo grafikas:<\/strong><\/p>\n<table style=\"height: 92px;\" width=\"525\">\n<tbody>\n<tr>\n<td width=\"170\"><strong>Savait\u0117s diena<\/strong><\/td>\n<td width=\"180\"><strong>Darbo laikas<\/strong><\/td>\n<td width=\"151\"><strong>Piet\u0173 pertrauka<\/strong><\/td>\n<\/tr>\n<tr>\n<td width=\"170\">Antradienis<\/td>\n<td width=\"180\">8:00 \u2013 16:30<\/td>\n<td width=\"151\">12:00 &#8211; 12:30<\/td>\n<\/tr>\n<tr>\n<td width=\"170\">Tre\u010diadienis<\/td>\n<td width=\"180\">8:00 \u2013 16:30<\/td>\n<td width=\"151\">12:00 &#8211; 12:30<\/td>\n<\/tr>\n<tr>\n<td width=\"170\">Ketvirtadienis<\/td>\n<td width=\"180\">8:00 \u2013 16:30<\/td>\n<td width=\"151\">12:00 &#8211; 12:30<\/td>\n<\/tr>\n<tr>\n<td width=\"170\">&nbsp;<\/td>\n<td width=\"180\">&nbsp;<\/td>\n<td width=\"151\">&nbsp;<\/td>\n<\/tr>\n<\/tbody>\n<\/table>\n<p><strong>Darbo pareigybes:<\/strong><\/p>\n<ol>\n<li>Teikia pagalb\u0105 \u012fstaigos bendruomenei sveikatos saugojimo ir stiprinimo klausimais.<\/li>\n<li>Organizuoja paskaitas problemines diskusijas, rengia \u017eodinius ir stendinius prane\u0161imus, parodas, rekomendacijas, valand\u0117les vaikams sveikatos stiprinimo klausimais.<\/li>\n<li>Inicijuoja ir dalyvauja rengiant, \u012fgyvendinant ir vertinant vaik\u0173 sveikatos stiprinimo programas.<\/li>\n<li>Inicijuoja ir palaiko bendradarbiavim\u0105 su kitomis \u012fstaigomis ir organizacijomis sveikatos stiprinimo klausimais.<\/li>\n<li>Teikia informacij\u0105 apie problemas, susijusias su vaik\u0173 sveikatos saugojimu ir stiprinimu, veiklos planavimu.<\/li>\n<li>Inicijuoja ir dalyvauja rengiant vaik\u0173 nelaiming\u0173 atsitikim\u0173 prevencines priemones.<\/li>\n<li>Vykdo u\u017ekre\u010diam\u0173j\u0173 lig\u0173 ir j\u0173 rizikos veiksni\u0173 profilaktik\u0105.<\/li>\n<li>\u012ftarus vaiko at\u017evilgiu naudojam\u0105 psichologin\u012f, fizin\u012f ar seksualin\u012f smurt\u0105, nedelsiant apie tai prane\u0161a \u012estaigos vadovui, suderinus su \u012estaigos vadovu, informuoja ir Vaiko teisi\u0173 apsaugos tarnyb\u0105;<\/li>\n<li>Vykdo specialistui priskirtas ir su Visuomen\u0117s sveikatos biuru suderintas funkcijas, kurios numatytos mokyklos vidaus tvarkos dokumentuose: mokini\u0173 ap\u017ei\u016bros d\u0117l asmens higienos; mokyklos darbuotoj\u0173 veiksm\u0173 mokiniui susirgus ar patyrus traum\u0105 mokykloje ir teis\u0117t\u0173 mokinio atstov\u0173 informavimo apie mokykloje patirt\u0105 traum\u0105 ar \u016bm\u0173 sveikatos sutrikim\u0105; pirmosios pagalbos organizavimo; pagalbos pagal gydytoj\u0173 rekomendacijas u\u017etikrinimo (pvz., vaist\u0173 laikymo, i\u0161davimo, naudojimo ir kt.), jeigu mokinys serga l\u0117tine neinfekcine liga; mokyklos darbuotoj\u0173 veiksmui \u012ftarus mokin\u012f vartojus alkohol\u012f, tabak\u0105 ir (ar) kitas psichik\u0105 veikian\u010dias med\u017eiagas;<\/li>\n<li>Ne re\u010diau kaip kart\u0105 per dvi savaites pildo Valgiara\u0161\u010di\u0173 ir vaik\u0173 maitinimo atitikties patikrinimo \u017eurnal\u0105;<\/li>\n<li>Pri\u017ei\u016bri, kad b\u016bt\u0173 laikomasi Lietuvos Respublikos sveikatos apsaugos ministro \u012fsakymo \u201eD\u0117l Lietuvos higienos normos HN 21:2017 \u201eMokykla, vykdanti bendrojo ugdymo programas. Bendrieji sveikatos saugos reikalavimai\u201c patvirtinimo\u201c ir jo pakeitim\u0173;<\/li>\n<li>Dalyvauja mokyklos vaiko gerov\u0117s komisijos veikloje;<\/li>\n<li>Teikia ir (ar) koordinuoja pirmosios pagalbos teikim\u0105 mokykloje;<\/li>\n<\/ol>\n<p><span style=\"color: #000000;\">&nbsp;<\/span><\/p>\n<h2 style=\"margin: 3.75pt 0cm 3.75pt 0cm;\">&nbsp;<\/h2>\n","protected":false},"excerpt":{"rendered":"<p>Visuomen\u0117s sveikatos prie\u017ei\u016bros specialist\u0117 Asta Sapagovien\u0117 Gim. 1995-07-18, Roki\u0161kis I\u0161silavinimas: 2018 m. Lietuvos sporto universitetas, sveikatos moksl\u0173 bakalauro kvalifikacinis laipsnis. 2021 m. Klaip\u0117dos Universitetas, visuomen\u0117s sveikatos ugdymo magistro kvalifikacinis laipsnis. El. pa\u0161tas: asta.tumonyte@gmail.com Mob.tel.: 8 623 62946 &nbsp; Visuomen\u0117s sveikatos prie\u017ei\u016bros specialist\u0117s darbo grafikas: Savait\u0117s diena Darbo laikas Piet\u0173 pertrauka Antradienis 8:00 \u2013 16:30 12:00 [&hellip;]<\/p>\n","protected":false},"author":5,"featured_media":0,"parent":0,"menu_order":0,"comment_status":"closed","ping_status":"open","template":"","meta":{"site-sidebar-layout":"default","site-content-layout":"","ast-site-content-layout":"default","site-content-style":"default","site-sidebar-style":"default","ast-global-header-display":"","ast-banner-title-visibility":"","ast-main-header-display":"","ast-hfb-above-header-display":"","ast-hfb-below-header-display":"","ast-hfb-mobile-header-display":"","site-post-title":"","ast-breadcrumbs-content":"","ast-featured-img":"","footer-sml-layout":"","ast-disable-related-posts":"","theme-transparent-header-meta":"","adv-header-id-meta":"","stick-header-meta":"","header-above-stick-meta":"","header-main-stick-meta":"","header-below-stick-meta":"","astra-migrate-meta-layouts":"default","ast-page-background-enabled":"default","ast-page-background-meta":{"desktop":{"background-color":"var(--ast-global-color-4)","background-image":"","background-repeat":"repeat","background-position":"center center","background-size":"auto","background-attachment":"scroll","background-type":"","background-media":"","overlay-type":"","overlay-color":"","overlay-opacity":"","overlay-gradient":""},"tablet":{"background-color":"","background-image":"","background-repeat":"repeat","background-position":"center center","background-size":"auto","background-attachment":"scroll","background-type":"","background-media":"","overlay-type":"","overlay-color":"","overlay-opacity":"","overlay-gradient":""},"mobile":{"background-color":"","background-image":"","background-repeat":"repeat","background-position":"center center","background-size":"auto","background-attachment":"scroll","background-type":"","background-media":"","overlay-type":"","overlay-color":"","overlay-opacity":"","overlay-gradient":""}},"ast-content-background-meta":{"desktop":{"background-color":"var(--ast-global-color-5)","background-image":"","background-repeat":"repeat","background-position":"center center","background-size":"auto","background-attachment":"scroll","background-type":"","background-media":"","overlay-type":"","overlay-color":"","overlay-opacity":"","overlay-gradient":""},"tablet":{"background-color":"var(--ast-global-color-5)","background-image":"","background-repeat":"repeat","background-position":"center center","background-size":"auto","background-attachment":"scroll","background-type":"","background-media":"","overlay-type":"","overlay-color":"","overlay-opacity":"","overlay-gradient":""},"mobile":{"background-color":"var(--ast-global-color-5)","background-image":"","background-repeat":"repeat","background-position":"center center","background-size":"auto","background-attachment":"scroll","background-type":"","background-media":"","overlay-type":"","overlay-color":"","overlay-opacity":"","overlay-gradient":""}},"ngg_post_thumbnail":0,"footnotes":""},"class_list":["post-1843","page","type-page","status-publish","hentry"],"_links":{"self":[{"href":"https:\/\/www.kamajugimnazija.lt\/wp-json\/wp\/v2\/pages\/1843","targetHints":{"allow":["GET"]}}],"collection":[{"href":"https:\/\/www.kamajugimnazija.lt\/wp-json\/wp\/v2\/pages"}],"about":[{"href":"https:\/\/www.kamajugimnazija.lt\/wp-json\/wp\/v2\/types\/page"}],"author":[{"embeddable":true,"href":"https:\/\/www.kamajugimnazija.lt\/wp-json\/wp\/v2\/users\/5"}],"replies":[{"embeddable":true,"href":"https:\/\/www.kamajugimnazija.lt\/wp-json\/wp\/v2\/comments?post=1843"}],"version-history":[{"count":0,"href":"https:\/\/www.kamajugimnazija.lt\/wp-json\/wp\/v2\/pages\/1843\/revisions"}],"wp:attachment":[{"href":"https:\/\/www.kamajugimnazija.lt\/wp-json\/wp\/v2\/media?parent=1843"}],"curies":[{"name":"wp","href":"https:\/\/api.w.org\/{rel}","templated":true}]}}